{"id":9,"date":"2024-12-16T09:41:31","date_gmt":"2024-12-16T08:41:31","guid":{"rendered":"https:\/\/wp.digitalart.fr\/?page_id=9"},"modified":"2024-12-18T16:47:47","modified_gmt":"2024-12-18T15:47:47","slug":"a_propos","status":"publish","type":"page","link":"https:\/\/digitalart.fr\/index.php\/a_propos\/","title":{"rendered":"\u00c0 propos"},"content":{"rendered":"\t\t<div data-elementor-type=\"wp-page\" data-elementor-id=\"9\" class=\"elementor elementor-9\">\n\t\t\t\t<div class=\"elementor-element elementor-element-7598a45 e-flex e-con-boxed e-con e-parent\" data-id=\"7598a45\" data-element_type=\"container\">\n\t\t\t\t\t<div class=\"e-con-inner\">\n\t\t\t\t<div class=\"elementor-element elementor-element-4bf1f4c elementor-widget elementor-widget-heading\" data-id=\"4bf1f4c\" data-element_type=\"widget\" data-widget_type=\"heading.default\">\n\t\t\t\t<div class=\"elementor-widget-container\">\n\t\t\t<h2 class=\"elementor-heading-title elementor-size-default\">Contenus et applications pour les commerces et le web<\/h2>\t\t<\/div>\n\t\t\t\t<\/div>\n\t\t\t\t\t<\/div>\n\t\t\t\t<\/div>\n\t\t<div class=\"elementor-element elementor-element-1152505 e-flex e-con-boxed e-con e-parent\" data-id=\"1152505\" data-element_type=\"container\">\n\t\t\t\t\t<div class=\"e-con-inner\">\n\t\t\t\t<div class=\"elementor-element elementor-element-7903d24 elementor-widget elementor-widget-text-editor\" data-id=\"7903d24\" data-element_type=\"widget\" data-widget_type=\"text-editor.default\">\n\t\t\t\t<div class=\"elementor-widget-container\">\n\t\t\t\t\t\t\t<p>La soci\u00e9t\u00e9 Digital Art \u00ae cr\u00e9\u00e9e en 2001 est sp\u00e9cialis\u00e9e dans l\u2019animation digitale des points de ventes :<\/p>\n<ul>\n<li>Ambiances musicales,<\/li>\n<li>Cr\u00e9ations sonores (spot publicitaire, attente t\u00e9l\u00e9phonique, musique sur mesure)<\/li>\n<li>Animations audio num\u00e9riques en sonorisation Instore,<\/li>\n<li>Bornes appels vendeurs<\/li>\n<li>Affichage dynamique,<\/li>\n<\/ul>\n<p>La SARL a d\u00e9velopp\u00e9e sa suite logiciels pour Windows pour la gestion des ambiances musicales des commerces (mise \u00e0 jour pour Windows 11 en Avril 2023).<\/p>\t\t\t\t\t\t<\/div>\n\t\t\t\t<\/div>\n\t\t\t\t\t<\/div>\n\t\t\t\t<\/div>\n\t\t<div class=\"elementor-element elementor-element-b23120b e-flex e-con-boxed e-con e-parent\" data-id=\"b23120b\" data-element_type=\"container\">\n\t\t\t\t\t<div class=\"e-con-inner\">\n\t\t<div class=\"elementor-element elementor-element-08efa13 e-con-full e-flex e-con e-child\" data-id=\"08efa13\" data-element_type=\"container\">\n\t\t\t\t<div class=\"elementor-element elementor-element-3a0b6be elementor-widget elementor-widget-image\" data-id=\"3a0b6be\" data-element_type=\"widget\" data-widget_type=\"image.default\">\n\t\t\t\t<div class=\"elementor-widget-container\">\n\t\t\t\t\t\t\t\t\t\t<figure class=\"wp-caption\">\n\t\t\t\t\t\t\t\t\t\t\t<a href=\"https:\/\/wp.digitalart.fr\/index.php\/ambiances-musicales-et-animations-audio-numeriques\/\">\n\t\t\t\t\t\t\t<img fetchpriority=\"high\" decoding=\"async\" width=\"1024\" height=\"1024\" src=\"https:\/\/digitalart.fr\/wp-content\/uploads\/2024\/12\/notes-de-musique-1024x1024.jpg\" class=\"attachment-large size-large wp-image-357\" alt=\"\" srcset=\"https:\/\/digitalart.fr\/wp-content\/uploads\/2024\/12\/notes-de-musique-1024x1024.jpg 1024w, https:\/\/digitalart.fr\/wp-content\/uploads\/2024\/12\/notes-de-musique-300x300.jpg 300w, https:\/\/digitalart.fr\/wp-content\/uploads\/2024\/12\/notes-de-musique-150x150.jpg 150w, https:\/\/digitalart.fr\/wp-content\/uploads\/2024\/12\/notes-de-musique-768x768.jpg 768w, https:\/\/digitalart.fr\/wp-content\/uploads\/2024\/12\/notes-de-musique-1536x1536.jpg 1536w, https:\/\/digitalart.fr\/wp-content\/uploads\/2024\/12\/notes-de-musique-2048x2048.jpg 2048w\" sizes=\"(max-width: 1024px) 100vw, 1024px\" \/>\t\t\t\t\t\t\t\t<\/a>\n\t\t\t\t\t\t\t\t\t\t\t<figcaption class=\"widget-image-caption wp-caption-text\">Ambiances musicales<\/figcaption>\n\t\t\t\t\t\t\t\t\t\t<\/figure>\n\t\t\t\t\t\t\t<\/div>\n\t\t\t\t<\/div>\n\t\t\t\t<\/div>\n\t\t<div class=\"elementor-element elementor-element-60e7abb e-con-full e-flex e-con e-child\" data-id=\"60e7abb\" data-element_type=\"container\">\n\t\t\t\t<div class=\"elementor-element elementor-element-4bd3f50 elementor-widget elementor-widget-image\" data-id=\"4bd3f50\" data-element_type=\"widget\" data-widget_type=\"image.default\">\n\t\t\t\t<div class=\"elementor-widget-container\">\n\t\t\t\t\t\t\t\t\t\t<figure class=\"wp-caption\">\n\t\t\t\t\t\t\t\t\t\t<img decoding=\"async\" width=\"296\" height=\"421\" src=\"https:\/\/digitalart.fr\/wp-content\/uploads\/2024\/12\/Capture-decran-2024-12-16-115050.png\" class=\"attachment-large size-large wp-image-192\" alt=\"\" srcset=\"https:\/\/digitalart.fr\/wp-content\/uploads\/2024\/12\/Capture-decran-2024-12-16-115050.png 296w, https:\/\/digitalart.fr\/wp-content\/uploads\/2024\/12\/Capture-decran-2024-12-16-115050-211x300.png 211w\" sizes=\"(max-width: 296px) 100vw, 296px\" \/>\t\t\t\t\t\t\t\t\t\t\t<figcaption class=\"widget-image-caption wp-caption-text\">Cr\u00e9ations sonores<\/figcaption>\n\t\t\t\t\t\t\t\t\t\t<\/figure>\n\t\t\t\t\t\t\t<\/div>\n\t\t\t\t<\/div>\n\t\t\t\t<\/div>\n\t\t<div class=\"elementor-element elementor-element-1cf128e e-con-full e-flex e-con e-child\" data-id=\"1cf128e\" data-element_type=\"container\">\n\t\t\t\t<div class=\"elementor-element elementor-element-beaa83b elementor-widget elementor-widget-image\" data-id=\"beaa83b\" data-element_type=\"widget\" data-widget_type=\"image.default\">\n\t\t\t\t<div class=\"elementor-widget-container\">\n\t\t\t\t\t\t\t\t\t\t<figure class=\"wp-caption\">\n\t\t\t\t\t\t\t\t\t\t<img decoding=\"async\" width=\"1024\" height=\"683\" src=\"https:\/\/digitalart.fr\/wp-content\/uploads\/2024\/12\/Affichage-dynamique-1024x683.jpg\" class=\"attachment-large size-large wp-image-384\" alt=\"\" srcset=\"https:\/\/digitalart.fr\/wp-content\/uploads\/2024\/12\/Affichage-dynamique-1024x683.jpg 1024w, https:\/\/digitalart.fr\/wp-content\/uploads\/2024\/12\/Affichage-dynamique-300x200.jpg 300w, https:\/\/digitalart.fr\/wp-content\/uploads\/2024\/12\/Affichage-dynamique-768x513.jpg 768w, https:\/\/digitalart.fr\/wp-content\/uploads\/2024\/12\/Affichage-dynamique-1536x1025.jpg 1536w, https:\/\/digitalart.fr\/wp-content\/uploads\/2024\/12\/Affichage-dynamique-2048x1367.jpg 2048w, https:\/\/digitalart.fr\/wp-content\/uploads\/2024\/12\/Affichage-dynamique-450x300.jpg 450w\" sizes=\"(max-width: 1024px) 100vw, 1024px\" \/>\t\t\t\t\t\t\t\t\t\t\t<figcaption class=\"widget-image-caption wp-caption-text\">Affichage dynamique<\/figcaption>\n\t\t\t\t\t\t\t\t\t\t<\/figure>\n\t\t\t\t\t\t\t<\/div>\n\t\t\t\t<\/div>\n\t\t\t\t<\/div>\n\t\t<div class=\"elementor-element elementor-element-f2116d1 e-con-full e-flex e-con e-child\" data-id=\"f2116d1\" data-element_type=\"container\">\n\t\t\t\t<div class=\"elementor-element elementor-element-5e1da04 elementor-widget elementor-widget-image\" data-id=\"5e1da04\" data-element_type=\"widget\" data-widget_type=\"image.default\">\n\t\t\t\t<div class=\"elementor-widget-container\">\n\t\t\t\t\t\t\t\t\t\t<figure class=\"wp-caption\">\n\t\t\t\t\t\t\t\t\t\t\t<a href=\"https:\/\/wp.digitalart.fr\/index.php\/bornes-appels-vendeurs\/\">\n\t\t\t\t\t\t\t<img loading=\"lazy\" decoding=\"async\" width=\"687\" height=\"1024\" src=\"https:\/\/digitalart.fr\/wp-content\/uploads\/2024\/12\/borne-687x1024.jpg\" class=\"attachment-large size-large wp-image-194\" alt=\"\" srcset=\"https:\/\/digitalart.fr\/wp-content\/uploads\/2024\/12\/borne-687x1024.jpg 687w, https:\/\/digitalart.fr\/wp-content\/uploads\/2024\/12\/borne-201x300.jpg 201w, https:\/\/digitalart.fr\/wp-content\/uploads\/2024\/12\/borne.jpg 709w\" sizes=\"(max-width: 687px) 100vw, 687px\" \/>\t\t\t\t\t\t\t\t<\/a>\n\t\t\t\t\t\t\t\t\t\t\t<figcaption class=\"widget-image-caption wp-caption-text\">Bornes appels vendeurs<\/figcaption>\n\t\t\t\t\t\t\t\t\t\t<\/figure>\n\t\t\t\t\t\t\t<\/div>\n\t\t\t\t<\/div>\n\t\t\t\t<\/div>\n\t\t\t\t\t<\/div>\n\t\t\t\t<\/div>\n\t\t<div class=\"elementor-element elementor-element-1790229 e-flex e-con-boxed e-con e-parent\" data-id=\"1790229\" data-element_type=\"container\">\n\t\t\t\t\t<div class=\"e-con-inner\">\n\t\t\t\t<div class=\"elementor-element elementor-element-22e4dab elementor-widget elementor-widget-wp-widget-recent-posts\" data-id=\"22e4dab\" data-element_type=\"widget\" data-widget_type=\"wp-widget-recent-posts.default\">\n\t\t\t\t<div class=\"elementor-widget-container\">\n\t\t\t\n\t\t\n\t\t<h5>Articles r\u00e9cents<\/h5>\n\t\t<ul>\n\t\t\t\t\t\t\t\t\t\t\t<li>\n\t\t\t\t\t<a href=\"https:\/\/digitalart.fr\/index.php\/2025\/01\/05\/voeux-digitalart\/\">2026<\/a>\n\t\t\t\t\t\t\t\t\t<\/li>\n\t\t\t\t\t\t\t\t\t\t\t<li>\n\t\t\t\t\t<a href=\"https:\/\/digitalart.fr\/index.php\/2024\/12\/16\/produits-et-services\/\">Produits et services<\/a>\n\t\t\t\t\t\t\t\t\t<\/li>\n\t\t\t\t\t<\/ul>\n\n\t\t\t\t<\/div>\n\t\t\t\t<\/div>\n\t\t\t\t\t<\/div>\n\t\t\t\t<\/div>\n\t\t\t\t<\/div>\n\t\t","protected":false},"excerpt":{"rendered":"<p>Contenus et applications pour les commerces et le web La soci\u00e9t\u00e9 Digital Art \u00ae cr\u00e9\u00e9e en 2001 est sp\u00e9cialis\u00e9e dans l\u2019animation digitale des points de ventes : Ambiances musicales, Cr\u00e9ations sonores (spot publicitaire, attente t\u00e9l\u00e9phonique, &hellip;<\/p>\n","protected":false},"author":1,"featured_media":0,"parent":0,"menu_order":0,"comment_status":"closed","ping_status":"closed","template":"","meta":{"footnotes":""},"class_list":["post-9","page","type-page","status-publish","hentry"],"_links":{"self":[{"href":"https:\/\/digitalart.fr\/index.php\/wp-json\/wp\/v2\/pages\/9","targetHints":{"allow":["GET"]}}],"collection":[{"href":"https:\/\/digitalart.fr\/index.php\/wp-json\/wp\/v2\/pages"}],"about":[{"href":"https:\/\/digitalart.fr\/index.php\/wp-json\/wp\/v2\/types\/page"}],"author":[{"embeddable":true,"href":"https:\/\/digitalart.fr\/index.php\/wp-json\/wp\/v2\/users\/1"}],"replies":[{"embeddable":true,"href":"https:\/\/digitalart.fr\/index.php\/wp-json\/wp\/v2\/comments?post=9"}],"version-history":[{"count":39,"href":"https:\/\/digitalart.fr\/index.php\/wp-json\/wp\/v2\/pages\/9\/revisions"}],"predecessor-version":[{"id":468,"href":"https:\/\/digitalart.fr\/index.php\/wp-json\/wp\/v2\/pages\/9\/revisions\/468"}],"wp:attachment":[{"href":"https:\/\/digitalart.fr\/index.php\/wp-json\/wp\/v2\/media?parent=9"}],"curies":[{"name":"wp","href":"https:\/\/api.w.org\/{rel}","templated":true}]}}